{"id":21,"date":"2015-10-26T11:48:47","date_gmt":"2015-10-26T11:48:47","guid":{"rendered":"http:\/\/www.runsolutions.com\/?page_id=21"},"modified":"2018-12-11T13:33:24","modified_gmt":"2018-12-11T12:33:24","slug":"runsolutions","status":"publish","type":"page","link":"https:\/\/www.runsolutions.com\/?page_id=21","title":{"rendered":"Runsolutions"},"content":{"rendered":"<div class=\"fusion-title title fusion-title-size-two tituloSlider\"><h2 class=\"title-heading-left\">DESTACADO<\/h2><div class=\"title-sep-container\"><div class=\"title-sep sep-none\"><\/div><\/div><\/div><span class=\"fusion-imageframe imageframe-none imageframe-1 runPageImage fusion-animated\" data-animationType=\"fadeIn\" data-animationDuration=\"1\"> <img decoding=\"async\" src=\"https:\/\/www.runsolutions.com\/wp-content\/uploads\/2015\/10\/logoRunsolutionsPage2.png\" alt=\"RUNSOLUTIONS\"><\/span><div class=\"fusion-fullwidth fullwidth-box fusion-fullwidth-1  fusion-parallax-none runPage\" style=\"border-color:#eae9e9;border-bottom-width: 0px;border-top-width: 0px;border-bottom-style: solid;border-top-style: solid;padding-bottom:20px;padding-left:0px;padding-right:0px;padding-top:20px;background-position:left top;background-repeat:no-repeat;-webkit-background-size:cover;-moz-background-size:cover;-o-background-size:cover;background-size:cover;\"><style type=\"text\/css\" scoped=\"scoped\">.fusion-fullwidth-1 {\n\t\t\t\t\t\t\tpadding-left: 0px !important;\n\t\t\t\t\t\t\tpadding-right: 0px !important;\n\t\t\t\t\t\t}<\/style><div class=\"fusion-row\"><div class=\"fusion-two-third fusion-layout-column fusion-spacing-yes\" style=\"margin-top:0px;margin-bottom:20px;\"><div class=\"fusion-column-wrapper\"><div class=\"fusion-title title fusion-title-size-one\"><h1 class=\"title-heading-left\">Consultor\u00eda<\/h1><div class=\"title-sep-container\"><div class=\"title-sep sep-double\"><\/div><\/div><\/div><p><strong>RUNSOLUTIONS ES UNA EMPRESA PROFESIONAL CON M\u00c1S DE DOCE A\u00d1OS DE EXPERIENCIA EN LOS SERVICIOS DE TECNOLOG\u00cdAS DE LA INFORMACI\u00d3N.<\/strong><\/p>\n<p>DESDE LOS INICIOS NOS HEMOS ESPECIALIZADO EN CONSULTOR\u00cdA DE LINUX PARA EL MUNDO EMPRESARIAL, ADMINISTRACIONES P\u00daBLICAS Y ASISTENCIA SANITARIA. INTEGRANDO LAS MEJORES TECNOLOG\u00cdAS BASADAS EN GNU\/LINUX \/ OPEN SOURCE, DESDE EL DISE\u00d1O, LA GESTI\u00d3N DE LOS SISTEMAS, HASTA LA IMPLEMENTACI\u00d3N.<\/p>\n<p>EL OBJETIVO DE RUNSOLUTIONS TRANSFORMA TAREAS DIF\u00cdCILES EN SOLUCIONES DEL MUNDO REAL.<\/p>\n<p>En Runsolutions escuchamos las necesidades de los clientes ayudando a la elecci\u00f3n y adopci\u00f3n de un amplio abanico de soluciones basadas en GNU\/Linux y software libre tanto en los sistemas de Entidades P\u00fabicas c\u00f3mo en las empresa privadas y que gracias a su confianza en nosotros han conseguido sus objetivos y desaf\u00edos con soluciones integrales y rentables.<\/p>\n<p>Nuestra visi\u00f3n es ser una empresa innovadora de Soluciones Open Source de alta calidad y rentables, que su principal activo son las personas. Nuestro objetivo es ofrecer servicios de alto valor en proyectos y estrategias sobre la tecnolog\u00eda de sistemas y estamos comprometidos con nuestros clientes con la consecuci\u00f3n de sus objetivos, integrando y adaptando las tecnolog\u00edas m\u00e1s adecuadas para el \u00e9xito de los proyectos<\/p>\n<div class=\"fusion-sep-clear\"><\/div><div class=\"fusion-separator fusion-full-width-sep sep-none\" style=\"border-color:#e0dede;margin-left: auto;margin-right: auto;margin-top:50px;\"><\/div><div class=\"fusion-title title fusion-title-size-three titleClientes\"><h3 class=\"title-heading-left\">Algunos de nuestros clientes que han confiado en nosotros:<\/h3><div class=\"title-sep-container\"><div class=\"title-sep sep-double\"><\/div><\/div><\/div><div class=\"divClientes\">ACCIONA<br \/>\nHOTELBEDS<br \/>\nAZUCARERA EBRO<br \/>\nANAFOCUS<br \/>\nINCIBE &#8211; INSTITUTO DE CIBERSEGURIDAD NACIONAL<br \/>\nGMV AEROSPACE AND DEFENCE<br \/>\nREPSOL<br \/>\nTUI<br \/>\nBARCELO HOTELES<br \/>\nINSTITUTO NACIONAL DE ESTAD\u00cdSTICA<br \/>\nLOGITRAVEL<br \/>\nONO<br \/>\nIB-SALUT<br \/>\nXUNTA DE GALICIA<br \/>\nCOMPAREX<br \/>\nEDNON<br \/>\nGOVERN DE LES ILLES BALEARS<br \/>\nMARVELL.COM<br \/>\nPRESENCE THECNOLOGY<br \/>\nTIRME<\/div>\n<\/div><\/div><div class=\"fusion-one-third one_third fusion-layout-column fusion-column-last fusion-spacing-yes\" style=\"margin-top:0px;margin-bottom:20px;\"><div class=\"fusion-column-wrapper\"><div class=\"fusion-title title fusion-title-size-three titleServicios\"><h3 class=\"title-heading-left\">SERVICIOS DE INTEGRACI\u00d3N<\/h3><div class=\"title-sep-container\"><div class=\"title-sep sep-double\"><\/div><\/div><\/div><ul class=\"pageUl\">\n<li>Selecci\u00f3n de la soluci\u00f3n id\u00f3nea<\/li>\n<li>Dise\u00f1o de la soluci\u00f3n<\/li>\n<li>Suministro del equipamiento<\/li>\n<li>Implantaci\u00f3n y parametrizaci\u00f3n de la soluci\u00f3n<\/li>\n<li>Formaci\u00f3n al personal t\u00e9cnico del cliente<\/li>\n<li>Mantenimiento y soporte a la solcuci\u00f3n<\/li>\n<\/ul>\n<div class=\"fusion-sep-clear\"><\/div><div class=\"fusion-separator fusion-full-width-sep sep-none\" style=\"border-color:#e0dede;margin-left: auto;margin-right: auto;margin-top:30px;\"><\/div><div class=\"fusion-title title fusion-title-size-three titleServicios\"><h3 class=\"title-heading-left\">SERVICIOS CONSULTOR\u00cdA<\/h3><div class=\"title-sep-container\"><div class=\"title-sep sep-double\"><\/div><\/div><\/div><ul class=\"pageUl\">\n<li>Consultor\u00eda de Negocio (An\u00e1lisis de coste de tecnolog\u00edas)<\/li>\n<li>Estudios Comparativos de Tecnolog\u00edas (Benchmarking)<\/li>\n<li>Migraci\u00f3n e Integraci\u00f3n de datos y aplicaciones (a tecnolog\u00edas Open Source)<\/li>\n<li>Infraestructura de red (uso de tecnolog\u00edas Open Source)<\/li>\n<li>Soluciones de Ingenier\u00eda a medida<\/li>\n<li>Staff de apoyo ayuda en los temas de consultor\u00eda (consultores)<\/li>\n<li>Consultor\u00edas de Seguridad.<\/li>\n<li>Consultor\u00eda de Backup<\/li>\n<li>Consultor\u00eda Big Data<\/li>\n<li>Consultor\u00eda migraci\u00f3n e integraci\u00f3n Cloud<\/li>\n<\/ul>\n<\/div><\/div><div class=\"fusion-clearfix\"><\/div><\/div><\/div>\n","protected":false},"excerpt":{"rendered":"","protected":false},"author":1,"featured_media":0,"parent":0,"menu_order":0,"comment_status":"closed","ping_status":"closed","template":"","meta":{"footnotes":""},"_links":{"self":[{"href":"https:\/\/www.runsolutions.com\/index.php?rest_route=\/wp\/v2\/pages\/21"}],"collection":[{"href":"https:\/\/www.runsolutions.com\/index.php?rest_route=\/wp\/v2\/pages"}],"about":[{"href":"https:\/\/www.runsolutions.com\/index.php?rest_route=\/wp\/v2\/types\/page"}],"author":[{"embeddable":true,"href":"https:\/\/www.runsolutions.com\/index.php?rest_route=\/wp\/v2\/users\/1"}],"replies":[{"embeddable":true,"href":"https:\/\/www.runsolutions.com\/index.php?rest_route=%2Fwp%2Fv2%2Fcomments&post=21"}],"version-history":[{"count":46,"href":"https:\/\/www.runsolutions.com\/index.php?rest_route=\/wp\/v2\/pages\/21\/revisions"}],"predecessor-version":[{"id":433,"href":"https:\/\/www.runsolutions.com\/index.php?rest_route=\/wp\/v2\/pages\/21\/revisions\/433"}],"wp:attachment":[{"href":"https:\/\/www.runsolutions.com\/index.php?rest_route=%2Fwp%2Fv2%2Fmedia&parent=21"}],"curies":[{"name":"wp","href":"https:\/\/api.w.org\/{rel}","templated":true}]}}